6. Does 3 divide l?
False
Suppose 0 = l + 2*r - 372, -159 - 178 = -l + 5*r. Suppose -3*h + l = -h. Let i = h - 60. Is 11 a factor of i?
True
Let d be (-8)/(-2) - -24*(-6 + 5). Is 12 a factor of (1/((-9)/2094))/(d/30)?
False
Suppose b - 3030 = 3*g, -g + 2664 + 9482 = 4*b. Is b a multiple of 8?
False
Suppose 23*k - 25*k = -5*z - 135554, 3*z - 338978 = -5*k. Is k a multiple of 176?
False
Suppose 0*m - 55 = -m - 2*p, 0 = -4*p + 20. Let u = m - 1. Let b = u - 40. Does 4 divide b?
True
Suppose 6*l + 5*l + 33 = 0. Let d(x) = -x**3 - 3*x**2 + 3*x + 14. Let h be d(l). Suppose 4*u - 311 = -9*k + 6*k, 397 = h*u + k. Is u a multiple of 8?
True
Does 30 divide ((-18)/5)/(30/(-500))?
True
Suppose -3*t = -3*x + 27, -4*t - 3 - 13 = 0. Let g(o) = -3*o**2 + 0*o + 4*o**2 - 2*o. Does 3 divide g(x)?
True
Let q = -37 - -42. Suppose 4 - 14 = -q*s. Is 0*(-4)/16 + s even?
True
Let z(a) = -9*a + 2*a**2 + 10 - 3 - 8 - 14. Is 25 a factor of z(20)?
False
Let u(d) = -154*d - 1948. Is u(-34) a multiple of 4?
True
Let d(j) = -2*j. Let h be d(2). Let l = -352 - -366. Let f = h + l. Is 2 a factor of f?
True
Let t be 68/7 - (-4)/14. Suppose 3*k = 341 + t. Let h = 194 - k. Does 32 divide h?
False
Suppose 163 = 2*w - 317. Suppose 7*c = 8*c - w. Let r = c + -132. Is r a multiple of 36?
True
Let b(t) = -1065*t - 1247. Is 194 a factor of b(-7)?
True
Is 59 a factor of 212/(-159)*(-174483)/6?
False
Let f(o) be the third derivative of o**7/840 - o**6/45 - o**5/40 - 2*o**4/3 - 6*o**3 - 33*o**2. Let n(y) be the first derivative of f(y). Does 4 divide n(9)?
False
Suppose -68*n + 54*n + 980 = 0. Is 15 a factor of (26 - 8)*(-7)/(n/(-125))?
True
Does 30 divide (-1)/((-3)/11943) + 12?
False
Let j = 19 - 19. Suppose -8*h + 2*h + 324 = j. Suppose 5*y = -15, 5*q = -y + 4*y + h. Is 9 a factor of q?
True
Suppose -5*f + 51900 = 3*q, -f + 5*q + 10363 = 9*q. Is f a multiple of 10?
False
Let t(z) = 6*z**3 - z**2 - 3*z + 6. Let l = -29 - -33. Suppose 0 = l*f - j - j - 22, 5*f - 30 = 3*j. Is t(f) a multiple of 25?
True
Does 12 divide 5 + -9 - ((-30902)/6 - 4/6)?
False
Let d(a) = 669*a - 99. Does 36 divide d(3)?
True
Does 18 divide (8 + -13)*(-30312)/18?
False
Suppose -185693 + 41033 = -15*u. Is u a multiple of 79?
False
Suppose -l = 5*p + 6, -3*l + p + 16 = -p. Does 13 divide (351/(-18))/((-3)/l)?
True
Suppose -5*s + 2*s + 5672 = 2*j, 3*s - 2842 = -j. Does 283 divide j?
True
Does 75 divide (-110816)/16*(-3 - -2) - 8?
False
Let b = 42970 - -9102. Is 184 a factor of b?
True
Let w(y) = -y**2 + 30*y - 12. Let v be -1 - 214/(-16) - 135/360. Is w(v) a multiple of 12?
True
Let s(b) = -8*b**3 + 19*b**2 + 6*b + 29. Does 15 divide s(-8)?
False
Suppose -9*q = -2*q - 14. Suppose -4*j = -20, -5*d - q*j - j + 575 = 0. Is d a multiple of 8?
True
Let o(f) = f + 6. Let z be o(-6). Suppose -4*c + 5*i = -24, z = -2*c + 2*i - 0 + 12. Let v(j) = j**3 - 3*j**2 - 13*j - 5. Does 5 divide v(c)?
True
Let k be 1/(3/(-69))*-7. Suppose k - 1307 = -2*m. Suppose 7*i = m + 57. Is i a multiple of 30?
True
Let l be (-1350)/324*6*-1. Suppose l*q = -4*q + 5481. Is 9 a factor of q?
True
Does 25 divide (1310/(-50))/(18/(-4770))?
False
Suppose 0 = 251*l - 261*l + 47520 + 21010. Does 77 divide l?
True
Suppose 0 = -5*s - y + 596, 4*s - 3*y - 480 = -7*y. Let c = s - 29. Is 18 a factor of c?
True
Suppose -8*i + 25 = -31. Suppose i*j + 15 = 12*j. Suppose -j*p - 20 = -4*d, -4*d + p + 6 + 14 = 0. Is d a multiple of 5?
True
Let d(o) be the third derivative of o**6/360 + 3*o**5/40 + 3*o**4/8 - o**3/6 - 27*o**2. Let l(b) be the first derivative of d(b). Is 3 a factor of l(-9)?
True
Suppose 164*r + 2*q = 165*r - 1389, -2*r + 5*q = -2775. Does 93 divide r?
True
Suppose 74*g - 2*d = 71*g + 54764, 5*g + 2*d = 91284. Is 16 a factor of g?
True
Suppose 3*o + 0 - 45 = 0. Suppose -b - 16 = -5*b. Suppose -b*m + o = -141. Is 13 a factor of m?
True
Let q(c) be the second derivative of c**5/20 + 2*c**4/3 + c**3 - 5*c**2/2 + 17*c + 2. Does 19 divide q(-5)?
False
Let u be (-23 - 1)*(-2)/(-3). Let n be (138/4)/((156/u)/(-13)). Suppose 26 + n = 2*a. Does 9 divide a?
True
Let c(j) = -1 + 68*j - 1 - 25. Is c(9) a multiple of 65?
True
Suppose 0 = -29*t + 10041 + 15595. Does 17 divide t?
True
Let x(f) = 7*f**2 - 94*f + 7. Is x(17) a multiple of 27?
True
Does 34 divide 511/(-219) - (-620)/24*262?
True
Suppose c + 4*r - 104 + 22 = 0, 4*c - 403 = -r. Let h = 106 - c. Suppose -h*t + 145 = 2*n - 119, 0 = 5*t - 3*n - 330. Does 22 divide t?
True
Let w(g) = -g**3 + 19*g**2 - 16*g - 9. Let a be w(18). Suppose n = 4*o + 2 - 26, -o = -2*n - a. Is 8/6*(-2 + (-906)/n) a multiple of 9?
False
Let v(o) = 6*o**3 - 4*o**2 - 18*o - 98. Is 15 a factor of v(11)?
False
Let w(t) = -4*t - 31. Let x(g) = -g + 5. Let q be x(16). Let b be w(q). Suppose -b = 8*i - 349. Is 6 a factor of i?
True
Suppose 0 = y + 2*b - 9791, 19*y - 14*y - 5*b = 49030. Is y a multiple of 11?
True
Let u = -694 - -709. Is 16 a factor of (2 - -95) + 1/(3/u)?
False
Let k = 8093 + -5816. Is k a multiple of 11?
True
Suppose 2720 = m + 2*d, -5*m - 5268 = -5*d - 18898. Suppose m = 3*p + 3*o, 0 = -5*p + 40*o - 42*o + 4555. Does 11 divide p?
True
Suppose -o - 57 + 59 = 0. Suppose -a + o*d = -142, -3*d + 7*d = -5*a + 780. Is 76 a factor of a?
True
Suppose -44*k - 32 = -28*k. Let v be ((-6)/4)/(15/(-160)). Is 19 a factor of (v/(-3) - -4)*135/k?
False
Let o(s) = 34*s - 5. Let x be o(3). Let m = x + -56. Does 8 divide m + 3/(1 - 4)?
True
Let t(m) = -2*m**3 - m + 2. Let f be t(1). Let n(g) = -221*g - 1. Let b be n(f). Let x = b - 157. Does 21 divide x?
True
Is 7*3*156289/807 a multiple of 7?
True
Let j = 8835 + 2454. Is j a multiple of 107?
False
Let m(r) = -15*r - 43. Let v be m(-3). Suppose -v*g + 4*g = 576. Is g a multiple of 18?
True
Suppose 6*q - 3*q = 3. Let f be (9 + -1)/((q - 4) + 5). Suppose 5*j - 88 = -3*d + 47, 157 = f*d - j. Is 20 a factor of d?
True
Let w = 5465 + -5028. Does 6 divide w?
False
Let d(f) = -39*f**3 + 2*f**2 + 4*f + 3. Let n be d(-2). Suppose 12*b - n = 5*b. Is b a multiple of 5?
True
Suppose -4*g - 79 = -91. Does 3 divide ((-5 - -7) + 1)*22/g?
False
Suppose -58605 = -9*c + 1178 + 129433. Does 12 divide c?
True
Suppose 22*p - 2460246 = 266*p - 19571478. Is 12 a factor of p?
True
Suppose -3*v = -3*n + 15, 2*v = v - 3*n + 7. Let p be (13 + -5)*(-3 - v). Let w = 41 + p. Is w a multiple of 6?
False
Suppose 6022 = 4*v + 5*i - 13372, 4*v = i + 19406. Is 10 a factor of v?
False
Let h(b) = -6*b**3 + 6*b**2 - 6*b - 51. Is 12 a factor of h(-10)?
False
Let l = -722 - -755. Suppose -1464 = -l*m + 21*m. Is m a multiple of 87?
False
Suppose -9*v = -7*v - 2*i - 80422, 0 = -3*v - 3*i + 120669. Is v a multiple of 14?
False
Suppose t - 3*z + 52 = 0, 4*z - 13 - 44 = t. Let u = t + 130. Is 2 a factor of u?
False
Suppose 2*h + 5*y - 79 = 6*h, -h + 3*y - 11 = 0. Does 2 divide (13/h)/((-1)/116)?
True
Suppose -3 - 41 = -11*j. Let s be (-2)/j - 1732/(-8). Let c = s + -128. Does 25 divide c?
False
Let g = 66 + -87. Let k = 26 + g. Suppose -3*z + 200 = -2*w, 3*z + 10 - 224 = -k*w. Does 14 divide z?
False
Let q(w) = -564*w - 240. Does 8 divide q(-2)?
True
Let a = 220 + -154. Suppose -5*s - 79 = 3*h - 461, a = s - 2*h. Does 3 divide s?
False
Let r be 1527/(-39) - 12/(-78). Let w = -36 - r. Suppose 5*j - 760 = -5*n + 2*j, -608 = -4*n + w*j. Is 36 a factor of n?
False
Let n be (12/(-3))/4*0. Suppose 5*k - 4*x = n, 5*k + x = -0*k. Suppose k = h + j + 4*j - 87, 183 = 2*h + j. Does 11 divide h?
False
Let z(v) = -v**3 - 55*v**2 + 118*v + 543. Does 19 divide z(-57)?
False
Let c(x) = -14*x - 95. Let z be c(-7). Suppose -3*h = -z, 6*t - 4*h - 1654 - 730 = 0. Does 34 divide t?
False
Suppose -i + 5*w = -6*i - 5, 2*i - 2 = -3*w. Let n be (2/i)/((-1)/5). Suppose -1 = -x + n. Is x a multiple of 2?
False
Let f = -35 - -37. Let s be (4/3)/(f/138). Let t = s - 54. Does 9 divide t?
False
Suppose 0 = u + 3*u. Let b(w) = w**3 + 9*w**2 + 3*w + 30. Let o be b(-9). Suppose u = o*z + z - 64. Does 16 divide z?
True
Let p = -30 - -90. Suppose 2*c + p = 7*c. Suppose 1332 = -3*z + c*z. Is 37 a factor of z?
True
Suppose -20*s + 672 = -588. Suppose -3*d + d = 12. Is (480/(-28))/(d/s) a multiple of 36?
True
Let v(s) = s**3 - 29*s**2 + 29*s - 23. Let t be v(28). Suppose 211 = 2*g - 2*x - t, -106 = -g + 3*x. Is 3 a factor of g?
False
Let g be (-15)/(-45) + 9/((-27)/